+ 99?
43
(-28 - 22 - -26 - 1) + 70
45
Evaluate 12 + 11 + -44 + 25 + -25.
-21
-862 - -876 - (17 + 1)
-4
Evaluate 175 - (2 - (-17 - 99)).
57
-106 + 82 + -17 - 13
-54
Calculate -16 + 0 + (-27 - 89) + 121 + -99.
-110
18 - (-3 + 9 - (-116 + 100))
-4
What is the value of -91 + -14 + (92 - 34) + -36?
-83
What is the value of 1 + 3 + (-29 - ((51 - 10) + -32))?
-34
Calculate 17 - (2 - (-78 + 98)).
35
What is the value of 0 - (-3 + 0 + -30) - (13 - (-24 + 33))?
29
What is the value of (22 - 39) + -20 - ((3 - -2) + -20)?
-22
(-996 - -998) + 3 + (5 + -3 + -5 - 138)
-136
Evaluate (-20 - -5) + 20 + (-105 - -6).
-94
What is the value of 4 + (64 - (-46 + 61))?
53
Calculate -38 - (-5 - (27 - 41) - (9 - (-4 - -4))).
-38
Calculate (-64 - -62) + 0 + -1 + 24 + -14 + 16.
23
Calculate (-86 - -74) + (-2 - 9) + 23.
0
What is 175 + (-118 - (-130 + 121))?
66
What is (7 + -19 - -3 - (-19 - -11)) + 12?
11
Evaluate (21 - (20 - -57 - -7)) + 17 + -9.
-55
Calculate 738 - 646 - (128 - -4).
-40
Calculate -13 - -48 - (-13 + 76).
-28
Calculate -116 + 21 - -107 - (15 - 1).
-2
10 + (9 - 1) + 19 + -42 - (24 + -3)
-26
Calculate (15 - 1) + 0 + -71 + 18 + (75 - 31).
5
Calculate -2 - -148 - (48 + 95 - 130).
133
What is 25 + -11 + 14 + -96 + 11?
-57
109 + (89 - 180) + -78
-60
Calculate 22 + 4 - (6 - -7 - (10 + (0 - 2))).
21
Calculate (9 + (-12 - -18) + 3 + -12 - 76) + 3.
-67
Evaluate 29 + (115 - 72) + -46.
26
Calculate 0 + -51 + 4 + -5 - (-4 - (2 - 7)).
-53
What is -38 + (-32 - -26) + (28 - 40)?
-56
Calculate (-3 - 10) + (-2 - (2 + -2 + -6 + -3)).
-6
What is the value of 12 + (-45 - -17) - (2 + -18)?
0
(-2 - -4) + (47 - (173 + -95))
-29
-14 + (-17 - (25 + -32))
-24
What is -1 + 2 + -42 + -2 - (-5265 + 5271)?
-49
Calculate -31 + (-16 + (36 - 15) - (2 - 5)).
-23
What is the value of -136 + 279 - -78 - 139?
82
What is the value of -5 + 0 + -22 - (-7 + (7 - (-3 - 5)))?
-35
What is the value of -33 + 34 + (10 - -8 - (5 + -1))?
15
Calculate (0 - (5 - 1 - 2)) + (-27 - -44 - 12).
3
What is the value of 18 + (-27 - (9 + -14)) + 15?
11
Evaluate (-53 + 8 - -13) + (3 - 3).
-32
Evaluate 1 - 10 - (-86 - (-150 + 61)).
-12
Evaluate 16 - ((-19 - 2) + 117).
-80
-32 + 1 + 6 - -102
77
Evaluate -1 + 0 + -12 - (-16760 + 16734).
13
What is the value of -2 + (34 + -8 - 7) - -54?
71
What is (74 - (3 - (19 - 41))) + -18?
31
Evaluate -94 - ((45 - 109) + 33).
-63
What is (-10 - (-6 + -20 + 27)) + 28?
17
What is -7 + -3 + (4 - 8) + (-82 - -61)?
-35
(-523 - -521) + (-4 + -1 + 1 + 3 - -44)
41
What is the value of -34 + (22 - -14) - (-16 - -5 - -2)?
11
-23 + -1 + (55 - (-269 + 360))
-60
What is the value of -32 + 10 + (67 - (27 - -33))?
-15
What is (-2 - (58 - -2)) + -1 + -39 + 89 + -43?
-56
Calculate (6 - (16 - (18 + -14)) - (-3 - -46)) + 14.
-35
Calculate (-3 - (1 + (-17 - -13))) + (1 - 67).
-66
9 - (1 - -44 - (6 + 1 - 17))
-46
Evaluate (-107 - -124) + -64 + 9 - -19.
-19
Evaluate 1151 - 1154 - (-10 - (0 + -2)) - -11.
16
Calculate 0 + 11 - (170 + (40 - 77) - 41).
-81
Evaluate 32 + -25 + -19 + 39.
27
What is the value of 37 - (-2 + 2) - (-60 - -148 - 91)?
40
What is the value of -10 + (12 - (-24 + (2 - -34)))?
-10
What is -2 - (-44 + (-1 - (1 - (23 - 9))))?
30
Calculate -9 + 2 + 3 + 17 + -26.
-13
33 + (30 - 21) + -96
-54
5 + 17 + -36 + (-2 - -13) - 42
-45
-8 + (-47 - -37) + 18
0
What is the value of (14 + -8 - 1) + 3 + (-182 - -108)?
-66
-44 - (30 - 36 - -11)
-49
Evaluate (9 - 59) + (-174 - -228).
4
Evaluate 3 - (31 + 41) - -39.
-30
(-50 - -126) + -109 + 3
-30
Calculate -2476 + 2448 + 0 + 68.
40
(126 - 30) + -31 + -6 - -15
74
Calculate 21 + -2 - 29 - (14 + (4 + -1 - -5)).
-32
What is 2 + -43 + 74 + -19?
14
Evaluate (119 - 157) + (-1 - -3).
-36
What is the value of (3 - 1) + 348 + -144 + -162?
44
Calculate 2467 - 2472 - (3 - -8 - 2).
-14
Evaluate (277 + -291 - (-28 - -1)) + 1 - 0.
14
Calculate (-23 - (3 - 9)) + 27 + 7.
17
Evaluate 114 - (-5 + -3 - (18 + (-24 + -13 - -4))).
107
-98 + -6 - -19 - -103
18
316 + -232 + 8 + (-4 - 0) + 16
104
What is (-9 + (-11 - -13) - -12 - (6 + 1)) + 49?
47
Calculate -9 + -2 + -18 + 39 + -5 - -58.
63
(5 - (-1 - 6 - -17 - 7)) + 1 + -2
1
Evaluate -14 + 9 + -7 + (24 - -4).
16
Calculate -2 + (42 - 128 - -46).
-42
What is the value of (9 - ((2 - -5) + (-11 - (-20 - -13)))) + 10?
16
Evaluate (-6581 - -6491) + (133 - -1).
44
97 + (10 - ((42 - 42) + 21))
86
What is 13 + (10 - (-3 - (-39 - 8)) - -13) - -58?
50
Calculate (-3 - -15) + (39 - (-1 - -4 - -10)).
38
Calculate 29 + (-82 - 34 - -102).
15
What is the value of 4 - (-16 + 8 - -8) - (-35 + 3)?
36
Evaluate 420 - 404 - (-14 + -2 + 2).
30
Evaluate 63 - (-27 + 16 + -16 + -9 - -19).
80
Calculate 121 + -52 + -70 + 57.
56
What is -2 + 35 - (-14 + 2 + (-21 - -9) + 27)?
30
Evaluate -169 + -1 - (1652 - 1799).
-23
What is the value of 45 + -46 + 36 - -52?
87
What is the value of -1 + 11 + (3 - 3) - (33 - (-108 + 205))?
74
Evaluate -3 + -27 + 82 + -31 + 52.
73
Evaluate -35 - 0 - 3 - (10 - (5 - (-13 + 15))).
-45
Calculate (-1 - 62) + (-42 - 1) + 1105 + -1076.
-77
What is the value of 1 + -4 + -3471 + 3450?
-24
What is -1510 + 1417 - (0 - 69)?
-24
What is -6 - (-1 - 2) - -39 - (-30 - -16 - -20)?
30
What is -283 + 150 - (-3 - 4) - (-12 + -1)?
-113
What is (-29 - (-28 - 0)) + -26 - (1 - 0)?
-28
Calculate 56 + 5 + 13 + (4 - 20) - 17.
41
Evaluate 12 - ((-47 - 2) + -89 + (177 - 72)).
45
What is the value of 70 + -17 + -30 + -51?
-28
Calculate (9 - -51 - (56 + -28)) + 11 + 2.
45
What is (210 - (36 - -215)) + (1 - (-3 - (-3 + 1)))?
-39
Calculate (-67 - -11 - -71) + 41.
56
What is -58 + (55 - 6 - -83)?
74
Calculate 57 + -50 + -5 + 5.
7
Calculate 37 - (16 + 106 + -43).
-42
-6 - -13 - -4 - (30 - (20 + -45))
-44
What is the value of 16 + (25 - (-2 - (30 - 63)))?
10
Evaluate (22 + -2 + 1 - ((-4 - 38) + 50)) + 12.
25
What is the value of (-164 - -179) + 0 + -25 - 4?
-14
What is the value of 124 + -127 + 8 - -23?
28
What is the value of (-12 - (-19 - -1 - (5 + -38 - -24))) + -49?
-52
-23 + (75 + -1 - (-78 + 82))
47
Evaluate ((10 - 103) + 10 - -20) + (2 - 1).
-62
What is -5 - 1 - (-64 + -22 + (36 - 15)) - -12?
71
What is (10 - (-23 - -27)) + -66 + 12?
-48
(6417 - 6427) + (3 - (-25 + -2 + 0 - -1))
19
What is 13 + 36 + (1 - 3) + -7 + 121 + -120?
41
Evaluate (-2 - -16) + 5 + -52 + 29.
-4
Calculate 13 + 8 + -11 + (12 - -27).
49
(-8 - (26 + -40)) + (-46 - (0 - (-5 - -10)))
-35
What is the value of -1 + -20 + (-1785 - -1826)?
20
Evaluate -15 + -36 + 81 + 6.
36
What is (13 - (-12 + 3 + 13 + -4)) + 26?
39
Calculate (-95 - (-76 - -28)) + (-2 + 2 - -1).
-46
What is (-2 - (-14 - -6)) + 7 + -10 + (0 - -72)?
75
Calculate -10 - (-1 + 8 + 0 + -39 + -1 + 6).
17
What is the value of (-17 - (29 + -14 + -32)) + 8 + -54?
-46
What is -2 + -3 + -35 + (7 + (16 - 13) - 12)?
-42
What is 14 + (43 + -100 - -37 - (-1 - 6)) - 76?
-75
What is the value of (20 - -28 - 9) + 17 + (2 - -8)?
66
5 + (56 + (5 - 10) - (-3 - -13)) + 8
54
68 + (16 + (0 - 9) - 17) + -14
44
-40 - (-137 + 86) - (0 - 1 - (-3 + -38))
-29
(-26 - -31) + (-12 - -10 - (-1 - 44))
48
-24 + (27 - -1 - 74)
-70
Evaluate (16 - -37) + -45 - -71.
79
Calculate 137 + -65 + -17 + 4.
59
-29 + -24 + 10 + 9 + -3
-37
What is (-11 - 1) + -36 + (-4 + 16 + 0 - 18)?
-54
What is the value of -87 + (50 - -22) + -33?
-48
22 + -128 + 41 - -87
22
What is the value of -2540 + 2567 - (48 - -1)?
-22
-57 - -19 - -71 - (4 + (2 - 0))
27
What is the value of (2428 - 2449) + (-1 - 12)?
-34
-58 + 34 + 0 + (2 - -3)
-19
Calculate 7 + (3 - 4) + 4 + 67 + (-40 - 14).
23
What is 24 + (-6 + -18 - -20) + -18?
2
Calculate (372 - 399) + (-24 - (2 + 0)).
-53
What is the value of -268 + 291 + -8 + 16 + 14?
45
20 - (-17 + 15) - (-5 + 0)
27
Evaluate (-137 - -216) + (-1 - 106).
-28
Evaluate (0 + -42 - -7) + 12 + -2 - -16.
-9
What is -78 + (10 + -7 + 30 - 13)?
-58
(-3 - -15) + (79 - (-11 + 52))
50
What is the value of -25 - (-116 + 83 + 3 + 57)?
-52
Evaluate 31 + -39 + -6 - (1 + -16).
1
Calculate -12 + 440 + -419 + (-19 - 0).
-10
(4 - (12 - 10)) + 7 - (-37 + 47)
-1
Calculate -51 - (75 + -167 - -71).
-30
-332 + 309 - (0 + -14)
-9
What is the value of 0 + 0 + 332 + -312 - 95?
-75
-55 - (-12 - ((18 - 14) + -12))
-51
1 + (-46 + 44 - (0 - 1)) - (-233 + 191)
42
What is -41 - (-17 - (49 + -13))?
12
What is the value of 1 - 2 - (1 + -31 - (-154 - (-199 + 16)))?
58
Calculate -6 - (-2 + -5 +